.
18
Let f(w) = 3*w**3 - 2*w**2 - 32*w - 4. Let s be f(6). What is the highest common factor of s and 500?
20
Let a = -8328 + 8340. What is the greatest common factor of 444 and a?
12
Let q(l) = 5144*l - 1397. Let t be q(2). What is the greatest common factor of 51 and t?
17
Let s = -5 - -15. Suppose g - y - 122 = 0, 232*g - 236*g + y + 512 = 0. Calculate the highest common factor of g and s.
10
Let l be (-6 + 544/56)/(1/(21/3)). Suppose -5*s = -3*s - 206. Let p be -1*-1*s - -1. Calculate the greatest common divisor of p and l.
26
Suppose -8212 = s - 5*s - 2*v, 0 = 5*s + v - 10262. What is the highest common factor of 216 and s?
108
Suppose 0*c + 5*c - 8 = n, 4*n - 14 = -3*c. Suppose 238 - 130 = c*y. Suppose 22*w = 16*w + y. What is the greatest common divisor of 261 and w?
9
Let a = -4217 - -8530. Suppose -7*z + 3247 = -a. What is the greatest common factor of 40 and z?
40
Suppose 1275 - 195 = -286*y + 304*y. Calculate the highest common divisor of y and 164.
4
Let r(z) = 2*z**2 - 19 + 12*z + 0*z - 7*z + 3*z. Let d(q) = q**3 + q**2 - 3*q + 3. Let o be d(-3). Let p be r(o). What is the highest common divisor of 5 and p?
5
Let v(p) = 568*p + 345. Let x be v(0). What is the greatest common factor of x and 735?
15
Let q(y) = -y**2 + 30*y + 142. Let p be q(-4). Suppose -480 = -4*a - a. What is the highest common divisor of a and p?
6
Let v = -4854 - -4945. Calculate the greatest common factor of v and 1339.
13
Suppose -l + 2*q = -46, -4*l + 5*q - 8*q = -162. Suppose 5*x + 0*x = 30. Calculate the greatest common divisor of x and l.
6
Suppose 4586*v - 4573*v - 52 = 0. Calculate the greatest common factor of v and 466.
2
Suppose 216*z + 2*z - 10028 = 0. Suppose 5*b + 3*m - 1153 = 0, 0 = -3*b + 5*m - 37 + 722. What is the greatest common divisor of b and z?
46
Let o = -159 + 161. Suppose -96 = -o*t + 24. What is the highest common factor of t and 105?
15
Let i(y) = 14*y**2 + 30*y - 388. Let h be i(10). Let u = -112 - -194. Calculate the greatest common factor of u and h.
82
Suppose -3*q - 11 + 0 = -53. Let c(h) = -h**2 - 7*h + 9. Let w be c(-8). Let n(u) = 22*u - 1. Let y be n(w). Calculate the greatest common factor of q and y.
7
Let m be (3/9)/(9/27). Let v be -4*m/2*-52. Calculate the greatest common divisor of 65 and v.
13
Suppose 927782 - 148686 = 89*m + 100293. Calculate the highest common factor of m and 1052.
263
Suppose 0 = 3*p - 16 - 14. Let s = 226 + -222. Suppose -396*a + s = -394*a. Calculate the highest common divisor of p and a.
2
Suppose 3*c - 5*c + 4 = 0. Suppose -c*s - 256 = 2*s. Let f = 152 + s. What is the highest common divisor of 11 and f?
11
Let u be (-132)/(-1) + -3 + 20/(-5) + 5. What is the highest common divisor of u and 78?
26
Let u(g) = g. Suppose 0 = 3*y - 5*l - 43, 4 = 2*y - 2*l - 18. Let x be u(y). Let j = -744 + 750. Calculate the highest common factor of j and x.
6
Let w be (-48)/64*12/9 + 15. Let y = 108 + -17. Calculate the highest common factor of w and y.
7
Suppose 103*l - 82271 = 30*l. Calculate the highest common divisor of 98 and l.
49
Let m(d) = d**3 + 19*d**2 + 38*d - 39. Let w be m(-12). What is the highest common factor of w and 19?
19
Let n(v) be the first derivative of -5*v**2/2 + 178*v - 79. Let a be n(-22). Calculate the greatest common divisor of 36 and a.
36
Suppose 2*w - 3*g = -1164, w - g + 258 = -325. Let u = -533 - w. Calculate the highest common divisor of 20 and u.
4
Let h(v) = 22*v - 4. Let r be h(4). Suppose d + r = 231. Let g = 362 - d. What is the highest common divisor of g and 86?
43
Let s = 294 + -162. Suppose 11*x - 120 = 5*x. Suppose -x*d + s = -17*d. Calculate the highest common factor of d and 176.
44
Suppose 101*g = 105*g - 5*c - 587, 0 = -4*g + 2*c + 578. Let x(j) = 4 - 3 - 7*j + j. Let r be x(-2). Calculate the highest common divisor of r and g.
13
Let b(t) = -t**3 - 89*t**2 - 98*t - 870. Let a be b(-88). Calculate the highest common factor of 155 and a.
5
Let n be (-12)/(-24) - ((-193)/2 - 2). Calculate the highest common factor of 462 and n.
33
Let t(i) = i**2 - 2*i - 52. Suppose 0 = 2*l - 8*z + 5*z + 23, -5*l = 2*z + 29. Let c be t(l). Calculate the greatest common divisor of 88 and c.
11
Let n be ((-14)/(-10) + -1)/((-11)/(-3245)). Suppose 2*z - 2*s = n, -4*s + 179 = 2*z + 55. What is the highest common divisor of 105 and z?
15
Suppose 0 = 2*o + 213*a - 208*a - 255, o - 117 = -4*a. Calculate the greatest common factor of 3074 and o.
29
Let g = 560 + -192. Let w be (-968)/(-60) - (2/(-15))/(-1). Calculate the highest common divisor of w and g.
16
Let b = 32859 + -32721. What is the highest common divisor of b and 15594?
138
Let c(h) = -2*h**3 - 31*h**2 + 14*h - 32. Let w be c(-16). Suppose 4*q - z - 49 = 0, w = 9*z - 10*z - 1. Calculate the greatest common divisor of 12 and q.
12
Let p be 14 + -29 + (-8475)/(-3). What is the highest common divisor of p and 50?
10
Let g(k) = -k**2 - 12*k - 2. Let m be g(-6). Let v = 416 - 144. Calculate the greatest common divisor of v and m.
34
Let s be (-17 - -18)*10/((-70)/(-113967)). What is the highest common divisor of 67 and s?
67
Suppose 4*x = -229*v + 231*v + 514, -5*x - 5*v = -605. Let f = -207 + 319. Calculate the highest common factor of x and f.
14
Let j(k) = -k**2 + 34*k + 42. Let n be j(24). Let i = n + 6. What is the greatest common divisor of 32 and i?
32
Let v = -72 + 79. Suppose -v = x - 12. Suppose -3*b + 325 = -x*s, 0 = b + 2*s - 26 - 75. What is the highest common factor of 42 and b?
21
Let c(z) = -3*z**2 - 138*z + 1213. Let t be c(-53). What is the greatest common factor of 10025 and t?
25
Let a = 35 + 10. Let f(j) = -8*j - 4. Let u be f(16). Let y = 137 + u. What is the highest common divisor of a and y?
5
Let r = 10380 - 10047. What is the greatest common factor of 117 and r?
9
Let g(c) = 2*c**3 + 5*c**2 - 5*c - 5. Let r = 11 - 14. Let l be g(r). Let w(q) = 63*q - 3. Let u be w(l). What is the greatest common divisor of u and 40?
20
Let p(u) = -u**2 + 2*u + 27. Let o be p(6). Suppose n + 174 = 5*b, 5*n = -o*b + 6*b - 100. What is the greatest common factor of 315 and b?
35
Let c = 87 - 71. Suppose 2*b - 36 = -2*n, 2*n - 68 = 5*b - 46. Calculate the greatest common divisor of n and c.
16
Suppose 2999 + 2482 = 20*g + 5081. Calculate the greatest common divisor of 14270 and g.
10
Suppose 74 = -36*n - 34. Let p be (16/20)/(n/(-165)). What is the greatest common factor of p and 33?
11
Let m be 1/(1 - 14/12). Let s be ((-15)/m - 3)*0. Suppose 3*u - 87 = -s*u. What is the highest common factor of u and 261?
29
Let v = -61 - -68. Suppose v*s - 5*s = 26. Suppose -23 = -3*t + s. Calculate the highest common divisor of t and 132.
12
Suppose 3*n = -15, -2*r + r = -2*n - 14. Suppose 4*l - 124 = -5*k, -l + 3*k - 93 = -r*l. Let d = 269 + -145. What is the greatest common factor of l and d?
31
Suppose 5*c - 3*c - 85 = -3*c. Calculate the highest common factor of 493 and c.
17
Let y = 30932 + -27299. What is the greatest common factor of y and 63?
21
Suppose 41 = 4*b - 63. Suppose v - t = 497, 103*t = 102*t - 3. What is the highest common divisor of b and v?
26
Let a = -2893 - -3078. What is the highest common factor of a and 35?
5
Suppose 0 = 7*y + 3*m - 64058, 2*y - 87*m + 86*m - 18306 = 0. Calculate the highest common factor of 65 and y.
13
Suppose 395*b - 390*b - 4911 = -3*d, -5*d - 943 = -b. Calculate the greatest common divisor of 6 and b.
6
Suppose 16*x + 10 + 54 = 0. Let v be x/24 + (-388)/(-24). Calculate the highest common factor of 128 and v.
16
Let i = 57 - 42. Let r be (0*3/i)/(2 - 1). Suppose -4*d - 8 = 0, -n - d - d + 29 = r. What is the highest common divisor of n and 3?
3
Let n be (-1 - 2/(-1)) + 41. Suppose 7436*w - 7482*w = -966. Calculate the greatest common divisor of n and w.
21
Let f = 47 - -34. Let k be (-481)/(-26)*6*2/(-6). Let m = f + k. Calculate the highest common divisor of 11 and m.
11
Let d = 465 + -205. Calculate the highest common divisor of d and 35.
5
Let k = 61 + -31. Suppose -t + 4*d = -35, -453 + 378 = -4*t + 3*d. What is the greatest common factor of t and k?
15
Let j(i) = -i**3 + 5*i**2 - 2*i - 3. Let v = -112 - -115. Let m be j(v). Suppose -z - 3*z + 36 = 0. Calculate the greatest common divisor of z and m.
9
Let j be 638 + (-55)/11 - 1. What is the highest common factor of 395 and j?
79
Let 